24 - 49885. Let w = -4 - -10. Calculate the greatest common divisor of d and w.
3
Suppose -x + 3 = -0*x. Let y(r) = -r**3 - 3*r**2 + 347*r - 23. Let j be y(17). Suppose x*h - 6 = j. What is the highest common divisor of h and 102?
34
Let i(o) = -4*o - 242. Let s be i(-34). Let v = -64 - s. What is the highest common factor of 98 and v?
14
Suppose -8678 = -13*i - 7898. Calculate the highest common divisor of 1452 and i.
12
Let m = -48 - -95. Calculate the greatest common factor of 3948 and m.
47
Suppose -1605 = -30*y + 26*y + 3*m, -y + 396 = m. Let q = y + -390. Let a be ((-2)/(-4))/((-1)/(-198)). What is the greatest common divisor of a and q?
9
Let t(a) = -a**3 + 42*a + 10602. Let z be t(0). Calculate the greatest common factor of 372 and z.
186
Suppose 378*f + 12512 = 4*z + 373*f, 4*z - 12540 = -2*f. What is the highest common divisor of 26 and z?
13
Let k = -913 - -967. Let t be (-3157)/(-35) + 2*3/(-30). Calculate the highest common divisor of t and k.
18
Let d = 94 - -19. Suppose -76 - d = -9*y. Let f be 10/(-35) + (-130)/(-14). What is the highest common factor of y and f?
3
Suppose -3*r + 22 = l, -l - 7 - 11 = -2*r. Let b be 8 + 1*6*(-4)/8. Let x be b*(252/30 - 6). What is the highest common factor of x and r?
4
Let y be (-1322)/(-10) + (-88)/(-110). Suppose -q - 57 = -4*g, 162 = -3*q + 4*g - 33. Let c = q + y. What is the highest common divisor of 16 and c?
16
Let d = 23472 - 19520. Calculate the greatest common divisor of d and 2736.
304
Let i = -12610 - -12808. What is the highest common factor of i and 1080?
18
Let a(j) = -2*j**3 - 44*j**2 + 273*j - 7. Let p be a(-32). Calculate the greatest common factor of 194 and p.
97
Let j be (-189)/(-6)*((-12)/4 - -15). Suppose -4*d + 3*g = -2*d - 390, -3*g = 2*d - j. What is the highest common factor of 24 and d?
24
Let w(h) = -5*h - 1. Let n be w(-2). Suppose 1446 - 822 = 26*r. Calculate the greatest common divisor of r and n.
3
Let d be (0 - (-69)/(-3)) + 3/(-1). Let y(q) = -20*q - 157. Let i be y(d). Calculate the highest common factor of 33 and i.
33
Let l be (3/(-2))/((-1)/12). Let o(h) = 9*h - h**3 + 11*h**2 + 10 - 2*h**2 + 2 + 0*h**2. Let s be o(10). What is the greatest common factor of s and l?
2
Let j be ((-2)/2)/((-3)/(-6)). Let l be (j/(-6))/((-2)/(-2112)). Calculate the greatest common divisor of l and 22.
22
Let n(x) = -x + 5. Let g be n(1). Suppose -3*q + 302 = 4*r, 235 = 3*r + 2*q - g*q. Calculate the highest common divisor of 847 and r.
77
Suppose 4*d + 2078 = -98. Let o = 572 + d. Calculate the greatest common factor of o and 476.
28
Let n(i) be the second derivative of 97*i**3/6 - 134*i**2 + 3*i - 48. Let w be n(3). Suppose -161 - 69 = -2*g. What is the greatest common divisor of w and g?
23
Let h be 2 - -27 - (-49)/((-735)/(-150)). Calculate the highest common divisor of h and 598.
13
Suppose -31*v + 3342 - 2784 = 0. Let b = 37 - 7. What is the greatest common factor of b and v?
6
Let s = -49 + 123. Let q be -2*(-3)/72 - (-19514)/264. What is the greatest common factor of s and q?
74
Let w be (2/5)/(2 + (-174)/90). Suppose 642 + 1386 = w*m. What is the greatest common divisor of 26 and m?
26
Let a be -22*(-2 + (-9)/6). Let x be 3684/(-42) + 2/(-7). Let n = x + 99. Calculate the highest common divisor of a and n.
11
Let i = -20248 + 20644. What is the highest common divisor of i and 10?
2
Let x(p) = p**2 - 71*p + 390. Let j be x(5). Calculate the greatest common divisor of j and 12.
12
Suppose -28*r + 311 = 81 - 78. Let h be (-1 - -3)*(-44)/(-8). What is the greatest common divisor of r and h?
11
Let g(c) = 130 - 382 + 119 + 9*c**2 + c + 113 + 3*c. Let i be g(4). Calculate the greatest common factor of 60 and i.
20
Let n = -21706 - -21919. Calculate the greatest common divisor of n and 4331.
71
Suppose -6*k + 9 = 3*k. Let d be (k - (-20)/(-15))/(1/(-51)). Calculate the greatest common divisor of d and 153.
17
Let p(y) = -12*y + y - 13 + 290*y**3 - 288*y**3 + 11*y**2. Suppose 0 = -n - 1 - 5. Let c be p(n). What is the greatest common factor of 119 and c?
17
Let g(s) = -34*s**3 + 4*s**2 + s - 1. Let i be g(-1). Let w be 3*4/i - 64/(-24). Let d be 922/18 + 2/(-9). Calculate the greatest common factor of d and w.
3
Let j be (-294)/(-28)*(423/21 - -3). Calculate the greatest common factor of j and 675.
27
Let y be ((-30)/(-7))/(1722/16072). What is the highest common divisor of y and 2984?
8
Suppose -5*g + 50 = -3*y, 4*y + 2*g + 20 = -12. Let b be ((-48)/15)/8 - 10274/y. What is the greatest common divisor of b and 79?
79
Let s(m) = -m**2 + 8. Let u be s(0). Suppose 2*i = 4*q + 18, -27 = -i + 3*q - 14. What is the highest common divisor of u and i?
1
Suppose 5 = 5*m, -15 = 5*b - 4*b - 3*m. Let d be b/28 + 180/28. Suppose d*v = 9*v - 360. Calculate the greatest common divisor of 48 and v.
24
Let k be 152/684 + (-532)/(-36). What is the highest common factor of k and 395?
5
Suppose -o - 71 = -0*o. Let n = 119 + o. Let i be 3/((n/(-52) - -1)*1). What is the greatest common factor of 117 and i?
39
Let v = 3128 - 2929. Calculate the greatest common divisor of 11 and v.
1
Let w = -9577 - -9645. What is the highest common factor of w and 22406?
34
Let u = 104 + 153. Let b = u + -247. What is the greatest common factor of 30 and b?
10
Let j = -38 - -81. Let d = 45 - j. Suppose d*a + a - v - 57 = 0, 0 = 5*v. What is the greatest common divisor of a and 95?
19
Let x(n) = -245*n - 1417. Let v be x(-6). Calculate the greatest common divisor of v and 34980.
53
Suppose -5*p + 48 = 11*p. Suppose 5*k = -p*t + 327 + 616, 3*t - k - 913 = 0. Calculate the highest common divisor of t and 34.
34
Suppose -4*l = 5*d - 55, 5*l - 260 = 2*d - 150. Calculate the highest common factor of l and 2290.
10
Suppose 1154*v = 1098*v + 203504. Calculate the highest common factor of 46 and v.
46
Let a = 7 + 58. Let h(b) be the third derivative of -b**4/6 - 95*b**3/6 - 140*b**2. Let j be h(-27). What is the highest common divisor of a and j?
13
Let m = 721 + -529. Calculate the greatest common factor of m and 60.
12
Let m be 2339/(-3) + 27/(-81). Let t be -10 - -1 - (-33 - -28) - m. Calculate the greatest common factor of 8 and t.
8
Let v(i) = 44*i + 1159. Let c be v(-26). Calculate the highest common factor of 470 and c.
5
Let k = 395 - 275. Suppose 4*i + 5*w = k, -5*i + 179 = -3*w + 2*w. Suppose 215 + i = 10*j. What is the highest common divisor of j and 100?
25
Let y be (-11)/(((-30)/(-258))/(-5)). Let j be ((-20)/(-32)*4/10)/((-3)/(-396)). What is the highest common divisor of y and j?
11
Let k be 240/5*((-20)/20 + (-15)/(-6)). Calculate the greatest common divisor of 804 and k.
12
Let d be 15*(6 - 1380/(-9)). Suppose -1194 - d = -8*o. Calculate the greatest common factor of 14 and o.
14
Let n(p) = p**3 + 17*p**2 + 31*p + 17. Let u be n(-15). Let r be (u + 34 + 2)/(1/9). Calculate the greatest common divisor of 18 and r.
18
Let s = 7755 + -7647. What is the highest common factor of s and 1332?
36
Let l(i) = i**3 + 15*i**2 + 26*i - 3. Let w be l(-12). Suppose -w*v = -121*v + 1632. What is the highest common divisor of 51 and v?
51
Suppose 3*o = d - 5 + 4, -10 = 2*o - 3*d. Let a be o/((-5 + (-1426)/(-285))*3). Suppose -31 = -2*p + 45. Calculate the greatest common factor of a and p.
19
Let a be (100/(-14))/(13/(-91)). Suppose -5*y = f + 25, 6*f - 2*f + a = 5*y. Let h = 19 - f. What is the highest common divisor of 17 and h?
17
Let v(r) = -19*r - 83. Let t be v(-8). Suppose 10*d = -13*d + t. What is the highest common factor of 3 and d?
3
Let z be (-21)/2*((-23)/(-161))/1*-42. What is the highest common divisor of z and 140?
7
Let p = -324 + 294. Let x be 31 + ((-5)/(-3))/(p/(-90)). Suppose -2*r = -r - 4. What is the greatest common factor of r and x?
4
Let z(c) = 4*c**2 + 7*c + 4. Let p be z(-3). Let y be (114/(-9))/(-2)*33. Let g be (4 - 3)/(1/y). What is the highest common divisor of g and p?
19
Suppose -15*b - 28*b = -40*b - 46719. What is the greatest common divisor of 179 and b?
179
Let t = 16075 - 16069. What is the highest common factor of t and 1030?
2
Let r(z) = 22*z**2 - z + 14. Let j be r(-6). Suppose 11*v - j = -3*v. Calculate the highest common factor of 754 and v.
58
Let z = -8 - -21. Let f be z/26 - (1054/4)/(-1). Suppose 7*k - f = 324. What is the highest common divisor of 12 and k?
12
Let b =